{"id":623,"date":"2022-02-07T22:31:39","date_gmt":"2022-02-07T21:31:39","guid":{"rendered":"https:\/\/new22.omika.ch\/?page_id=623"},"modified":"2022-02-07T22:35:26","modified_gmt":"2022-02-07T21:35:26","slug":"impressum-2","status":"publish","type":"page","link":"https:\/\/omika.ch\/?page_id=623","title":{"rendered":"Impressum"},"content":{"rendered":"\n\n\t\t\t<h2>Impressum<\/h2>\n\t\t\t<h5>VERANTWORTLICH F\u00dcR ALLE INHALTE DIESER WEBSEITE:<\/h5>\t\t\t\n<p>webpulse k\u00f6chle f\u00fcrling<br \/>No\u00eblle K\u00f6chle<br \/>Binzmatt 4<br \/>8049 Z\u00fcrich<\/p>\n<p><a href=\"mailto:nkoechle@webpulse.ch\">nkoechle@webpulse.ch<\/a><\/p>\n<p><a href=\"http:\/\/www.webpulse.ch\">www.webpulse.ch<\/a><\/p>\n\t\t\t<h5>HAFTUNGSAUSSCHLUSS<\/h5>\t\t\t\n\t\t\t\t<p>Der Autor \u00fcbernimmt keinerlei Gew\u00e4hr hinsichtlich der inhaltlichen Richtigkeit, Genauigkeit, Aktualit\u00e4t, Zuverl\u00e4ssigkeit und Vollst\u00e4ndigkeit der Informationen. Haftungsanspr\u00fcche gegen den Autor wegen Sch\u00e4den materieller oder immaterieller Art, welche aus dem Zugriff oder der Nutzung bzw. Nichtnutzung der ver\u00f6ffentlichten Informationen, durch Missbrauch der Verbindung oder durch technische St\u00f6rungen entstanden sind, werden ausgeschlossen. Alle Angebote sind unverbindlich. Der Autor beh\u00e4lt es sich ausdr\u00fccklich vor, Teile der Seiten oder das gesamte Angebot ohne gesonderte Ank\u00fcndigung zu ver\u00e4ndern, zu erg\u00e4nzen, zu l\u00f6schen oder die Ver\u00f6ffentlichung zeitweise oder endg\u00fcltig einzustellen.<\/p>\n<p><a href=\"http:\/\/www.webpulse.ch\/\">www.webpulse.ch<\/a><\/p>\n\t\t\t<h5>HAFTUNG F\u00dcR LINKS<\/h5>\t\t\t\n\t\t\t\t<p>Verweise und Links auf Webseiten Dritter liegen ausserhalb unseres Verantwortungsbereichs. Es wird jegliche Verantwortung f\u00fcr solche Webseiten abgelehnt. Der Zugriff und die Nutzung solcher Webseiten erfolgen auf eigene Gefahr des Nutzers oder der Nutzerin.<\/p>\n\t\t\t<h5>Urheberrechte<\/h5>\t\t\t\n\t\t\t\t<p>Die Urheber- und alle anderen Rechte an Inhalten, Bildern, Fotos oder anderen Dateien auf der Website geh\u00f6ren ausschliesslich dem Autor oder den speziell genannten Rechtsinhabern. F\u00fcr die Reproduktion jeglicher Elemente ist die schriftliche Zustimmung der Urheberrechtstr\u00e4ger im Voraus einzuholen.<\/p>\n\n","protected":false},"excerpt":{"rendered":"<p>Impressum VERANTWORTLICH F\u00dcR ALLE INHALTE DIESER WEBSEITE: webpulse k\u00f6chle f\u00fcrlingNo\u00eblle K\u00f6chleBinzmatt 48049 Z\u00fcrich nkoechle@webpulse.ch www.webpulse.ch HAFTUNGSAUSSCHLUSS Der Autor \u00fcbernimmt keinerlei Gew\u00e4hr hinsichtlich der inhaltlichen Richtigkeit, Genauigkeit, Aktualit\u00e4t, Zuverl\u00e4ssigkeit und Vollst\u00e4ndigkeit der Informationen. Haftungsanspr\u00fcche gegen den Autor wegen Sch\u00e4den materieller oder immaterieller Art, welche aus dem Zugriff oder der Nutzung bzw. Nichtnutzung der ver\u00f6ffentlichten Informationen, durch [&hellip;]<\/p>\n","protected":false},"author":1,"featured_media":0,"parent":0,"menu_order":6,"comment_status":"closed","ping_status":"closed","template":"","meta":{"site-sidebar-layout":"no-sidebar","site-content-layout":"page-builder","ast-site-content-layout":"default","site-content-style":"default","site-sidebar-style":"default","ast-global-header-display":"","ast-banner-title-visibility":"","ast-main-header-display":"","ast-hfb-above-header-display":"","ast-hfb-below-header-display":"","ast-hfb-mobile-header-display":"","site-post-title":"disabled","ast-breadcrumbs-content":"","ast-featured-img":"disabled","footer-sml-layout":"","ast-disable-related-posts":"","theme-transparent-header-meta":"enabled","adv-header-id-meta":"","stick-header-meta":"default","header-above-stick-meta":"","header-main-stick-meta":"","header-below-stick-meta":"","astra-migrate-meta-layouts":"default","ast-page-background-enabled":"default","ast-page-background-meta":{"desktop":{"background-color":"","background-image":"","background-repeat":"repeat","background-position":"center center","background-size":"auto","background-attachment":"scroll","background-type":"","background-media":"","overlay-type":"","overlay-color":"","overlay-opacity":"","overlay-gradient":""},"tablet":{"background-color":"","background-image":"","background-repeat":"repeat","background-position":"center center","background-size":"auto","background-attachment":"scroll","background-type":"","background-media":"","overlay-type":"","overlay-color":"","overlay-opacity":"","overlay-gradient":""},"mobile":{"background-color":"","background-image":"","background-repeat":"repeat","background-position":"center center","background-size":"auto","background-attachment":"scroll","background-type":"","background-media":"","overlay-type":"","overlay-color":"","overlay-opacity":"","overlay-gradient":""}},"ast-content-background-meta":{"desktop":{"background-color":"var(--ast-global-color-5)","background-image":"","background-repeat":"repeat","background-position":"center center","background-size":"auto","background-attachment":"scroll","background-type":"","background-media":"","overlay-type":"","overlay-color":"","overlay-opacity":"","overlay-gradient":""},"tablet":{"background-color":"var(--ast-global-color-5)","background-image":"","background-repeat":"repeat","background-position":"center center","background-size":"auto","background-attachment":"scroll","background-type":"","background-media":"","overlay-type":"","overlay-color":"","overlay-opacity":"","overlay-gradient":""},"mobile":{"background-color":"var(--ast-global-color-5)","background-image":"","background-repeat":"repeat","background-position":"center center","background-size":"auto","background-attachment":"scroll","background-type":"","background-media":"","overlay-type":"","overlay-color":"","overlay-opacity":"","overlay-gradient":""}},"footnotes":""},"class_list":["post-623","page","type-page","status-publish","hentry"],"yoast_head":"<!-- This site is optimized with the Yoast SEO plugin v27.4 - https:\/\/yoast.com\/product\/yoast-seo-wordpress\/ -->\n<title>Impressum - Orientieren mit Karte<\/title>\n<meta name=\"robots\" content=\"index, follow, max-snippet:-1, max-image-preview:large, max-video-preview:-1\" \/>\n<link rel=\"canonical\" href=\"https:\/\/omika.ch\/?page_id=623\" \/>\n<meta property=\"og:locale\" content=\"de_DE\" \/>\n<meta property=\"og:type\" content=\"article\" \/>\n<meta property=\"og:title\" content=\"Impressum - Orientieren mit Karte\" \/>\n<meta property=\"og:description\" content=\"Impressum VERANTWORTLICH F\u00dcR ALLE INHALTE DIESER WEBSEITE: webpulse k\u00f6chle f\u00fcrlingNo\u00eblle K\u00f6chleBinzmatt 48049 Z\u00fcrich nkoechle@webpulse.ch www.webpulse.ch HAFTUNGSAUSSCHLUSS Der Autor \u00fcbernimmt keinerlei Gew\u00e4hr hinsichtlich der inhaltlichen Richtigkeit, Genauigkeit, Aktualit\u00e4t, Zuverl\u00e4ssigkeit und Vollst\u00e4ndigkeit der Informationen. Haftungsanspr\u00fcche gegen den Autor wegen Sch\u00e4den materieller oder immaterieller Art, welche aus dem Zugriff oder der Nutzung bzw. Nichtnutzung der ver\u00f6ffentlichten Informationen, durch [&hellip;]\" \/>\n<meta property=\"og:url\" content=\"https:\/\/omika.ch\/?page_id=623\" \/>\n<meta property=\"og:site_name\" content=\"Orientieren mit Karte\" \/>\n<meta property=\"article:modified_time\" content=\"2022-02-07T21:35:26+00:00\" \/>\n<meta name=\"twitter:card\" content=\"summary_large_image\" \/>\n<meta name=\"twitter:label1\" content=\"Gesch\u00e4tzte Lesezeit\" \/>\n\t<meta name=\"twitter:data1\" content=\"1\u00a0Minute\" \/>\n<script type=\"application\/ld+json\" class=\"yoast-schema-graph\">{\"@context\":\"https:\\\/\\\/schema.org\",\"@graph\":[{\"@type\":\"WebPage\",\"@id\":\"https:\\\/\\\/omika.ch\\\/?page_id=623\",\"url\":\"https:\\\/\\\/omika.ch\\\/?page_id=623\",\"name\":\"Impressum - Orientieren mit Karte\",\"isPartOf\":{\"@id\":\"https:\\\/\\\/omika.ch\\\/#website\"},\"datePublished\":\"2022-02-07T21:31:39+00:00\",\"dateModified\":\"2022-02-07T21:35:26+00:00\",\"breadcrumb\":{\"@id\":\"https:\\\/\\\/omika.ch\\\/?page_id=623#breadcrumb\"},\"inLanguage\":\"de\",\"potentialAction\":[{\"@type\":\"ReadAction\",\"target\":[\"https:\\\/\\\/omika.ch\\\/?page_id=623\"]}]},{\"@type\":\"BreadcrumbList\",\"@id\":\"https:\\\/\\\/omika.ch\\\/?page_id=623#breadcrumb\",\"itemListElement\":[{\"@type\":\"ListItem\",\"position\":1,\"name\":\"Home\",\"item\":\"https:\\\/\\\/omika.ch\\\/\"},{\"@type\":\"ListItem\",\"position\":2,\"name\":\"Impressum\"}]},{\"@type\":\"WebSite\",\"@id\":\"https:\\\/\\\/omika.ch\\\/#website\",\"url\":\"https:\\\/\\\/omika.ch\\\/\",\"name\":\"Orientieren mit Karte\",\"description\":\"OL-Kurse f\u00fcr Schulen\",\"publisher\":{\"@id\":\"https:\\\/\\\/omika.ch\\\/#organization\"},\"potentialAction\":[{\"@type\":\"SearchAction\",\"target\":{\"@type\":\"EntryPoint\",\"urlTemplate\":\"https:\\\/\\\/omika.ch\\\/?s={search_term_string}\"},\"query-input\":{\"@type\":\"PropertyValueSpecification\",\"valueRequired\":true,\"valueName\":\"search_term_string\"}}],\"inLanguage\":\"de\"},{\"@type\":\"Organization\",\"@id\":\"https:\\\/\\\/omika.ch\\\/#organization\",\"name\":\"Orientieren mit Karte\",\"url\":\"https:\\\/\\\/omika.ch\\\/\",\"logo\":{\"@type\":\"ImageObject\",\"inLanguage\":\"de\",\"@id\":\"https:\\\/\\\/omika.ch\\\/#\\\/schema\\\/logo\\\/image\\\/\",\"url\":\"https:\\\/\\\/omika.ch\\\/wp-content\\\/uploads\\\/2022\\\/01\\\/logo_omika_.png\",\"contentUrl\":\"https:\\\/\\\/omika.ch\\\/wp-content\\\/uploads\\\/2022\\\/01\\\/logo_omika_.png\",\"width\":2303,\"height\":462,\"caption\":\"Orientieren mit Karte\"},\"image\":{\"@id\":\"https:\\\/\\\/omika.ch\\\/#\\\/schema\\\/logo\\\/image\\\/\"}}]}<\/script>\n<!-- \/ Yoast SEO plugin. -->","yoast_head_json":{"title":"Impressum - Orientieren mit Karte","robots":{"index":"index","follow":"follow","max-snippet":"max-snippet:-1","max-image-preview":"max-image-preview:large","max-video-preview":"max-video-preview:-1"},"canonical":"https:\/\/omika.ch\/?page_id=623","og_locale":"de_DE","og_type":"article","og_title":"Impressum - Orientieren mit Karte","og_description":"Impressum VERANTWORTLICH F\u00dcR ALLE INHALTE DIESER WEBSEITE: webpulse k\u00f6chle f\u00fcrlingNo\u00eblle K\u00f6chleBinzmatt 48049 Z\u00fcrich nkoechle@webpulse.ch www.webpulse.ch HAFTUNGSAUSSCHLUSS Der Autor \u00fcbernimmt keinerlei Gew\u00e4hr hinsichtlich der inhaltlichen Richtigkeit, Genauigkeit, Aktualit\u00e4t, Zuverl\u00e4ssigkeit und Vollst\u00e4ndigkeit der Informationen. Haftungsanspr\u00fcche gegen den Autor wegen Sch\u00e4den materieller oder immaterieller Art, welche aus dem Zugriff oder der Nutzung bzw. Nichtnutzung der ver\u00f6ffentlichten Informationen, durch [&hellip;]","og_url":"https:\/\/omika.ch\/?page_id=623","og_site_name":"Orientieren mit Karte","article_modified_time":"2022-02-07T21:35:26+00:00","twitter_card":"summary_large_image","twitter_misc":{"Gesch\u00e4tzte Lesezeit":"1\u00a0Minute"},"schema":{"@context":"https:\/\/schema.org","@graph":[{"@type":"WebPage","@id":"https:\/\/omika.ch\/?page_id=623","url":"https:\/\/omika.ch\/?page_id=623","name":"Impressum - Orientieren mit Karte","isPartOf":{"@id":"https:\/\/omika.ch\/#website"},"datePublished":"2022-02-07T21:31:39+00:00","dateModified":"2022-02-07T21:35:26+00:00","breadcrumb":{"@id":"https:\/\/omika.ch\/?page_id=623#breadcrumb"},"inLanguage":"de","potentialAction":[{"@type":"ReadAction","target":["https:\/\/omika.ch\/?page_id=623"]}]},{"@type":"BreadcrumbList","@id":"https:\/\/omika.ch\/?page_id=623#breadcrumb","itemListElement":[{"@type":"ListItem","position":1,"name":"Home","item":"https:\/\/omika.ch\/"},{"@type":"ListItem","position":2,"name":"Impressum"}]},{"@type":"WebSite","@id":"https:\/\/omika.ch\/#website","url":"https:\/\/omika.ch\/","name":"Orientieren mit Karte","description":"OL-Kurse f\u00fcr Schulen","publisher":{"@id":"https:\/\/omika.ch\/#organization"},"potentialAction":[{"@type":"SearchAction","target":{"@type":"EntryPoint","urlTemplate":"https:\/\/omika.ch\/?s={search_term_string}"},"query-input":{"@type":"PropertyValueSpecification","valueRequired":true,"valueName":"search_term_string"}}],"inLanguage":"de"},{"@type":"Organization","@id":"https:\/\/omika.ch\/#organization","name":"Orientieren mit Karte","url":"https:\/\/omika.ch\/","logo":{"@type":"ImageObject","inLanguage":"de","@id":"https:\/\/omika.ch\/#\/schema\/logo\/image\/","url":"https:\/\/omika.ch\/wp-content\/uploads\/2022\/01\/logo_omika_.png","contentUrl":"https:\/\/omika.ch\/wp-content\/uploads\/2022\/01\/logo_omika_.png","width":2303,"height":462,"caption":"Orientieren mit Karte"},"image":{"@id":"https:\/\/omika.ch\/#\/schema\/logo\/image\/"}}]}},"_links":{"self":[{"href":"https:\/\/omika.ch\/index.php?rest_route=\/wp\/v2\/pages\/623","targetHints":{"allow":["GET"]}}],"collection":[{"href":"https:\/\/omika.ch\/index.php?rest_route=\/wp\/v2\/pages"}],"about":[{"href":"https:\/\/omika.ch\/index.php?rest_route=\/wp\/v2\/types\/page"}],"author":[{"embeddable":true,"href":"https:\/\/omika.ch\/index.php?rest_route=\/wp\/v2\/users\/1"}],"replies":[{"embeddable":true,"href":"https:\/\/omika.ch\/index.php?rest_route=%2Fwp%2Fv2%2Fcomments&post=623"}],"version-history":[{"count":3,"href":"https:\/\/omika.ch\/index.php?rest_route=\/wp\/v2\/pages\/623\/revisions"}],"predecessor-version":[{"id":628,"href":"https:\/\/omika.ch\/index.php?rest_route=\/wp\/v2\/pages\/623\/revisions\/628"}],"wp:attachment":[{"href":"https:\/\/omika.ch\/index.php?rest_route=%2Fwp%2Fv2%2Fmedia&parent=623"}],"curies":[{"name":"wp","href":"https:\/\/api.w.org\/{rel}","templated":true}]}}