{"id":110,"date":"2022-01-24T22:30:58","date_gmt":"2022-01-24T21:30:58","guid":{"rendered":"https:\/\/new22.omika.ch\/?page_id=110"},"modified":"2024-07-06T00:51:56","modified_gmt":"2024-07-05T23:51:56","slug":"home","status":"publish","type":"page","link":"https:\/\/omika.ch\/","title":{"rendered":"Home"},"content":{"rendered":"\n\n\t\t\t<h5>Ich organisiere Anl\u00e4sse zum Thema<\/h5><h1>Orientieren mit Karte<\/h1>\t\t\t\n\t\t\t\t<p>Ich mache aktiv mit im OL und besitze die Ausbildung J&amp;S Leiter OL.<\/p>\n<p>Wenn du dich f\u00fcr einen OL-Anlass interessierst, bin ich die richtige Kontaktperson.<\/p>\n\t\t\t<h5>Was ich biete<\/h5><h2>Laufen und Orientieren<\/h2>\t\t\t\n\t\t\t<h5>Schulung<\/h5>\n\t\t\t\t<p>Ich organisiere Schulung f\u00fcr verschiedene Altersstufen in den Schulen. Auch bei privaten Anl\u00e4ssen bin ich gerne dabei.<\/p>\n\t\t\t<a href=\"https:\/\/omika.ch\/?page_id=22\" target=\"_self\" role=\"button\" aria-label=\"mehr erfahren\" rel=\"noopener\">\n\t\t\t\t\t\t\tmehr erfahren\n\t\t<\/a>\n\t\t\t<h5>OL-Karten<\/h5>\n\t\t\t\t<p>Keine Karte f\u00fcr einen OL? Kein Problem. Ich produziere auch Karten f\u00fcr deine Veranstaltungen, wenn sie noch fehlen.<\/p>\n\t\t\t<a href=\"https:\/\/omika.ch\/?page_id=516\" target=\"_self\" role=\"button\" aria-label=\"mehr erfahren\" rel=\"noopener\">\n\t\t\t\t\t\t\tmehr erfahren\n\t\t<\/a>\n\t\t\t<h5>OL-Material<\/h5>\n\t\t\t\t<p>Brauchst du f\u00fcr dein Anlass OL-Material? OMIKA vermietet auch die SportIdent-Material f\u00fcr deine Anl\u00e4sse.<\/p>\n\t\t\t<a href=\"https:\/\/omika.ch\/?page_id=422\" target=\"_self\" role=\"button\" aria-label=\"merh erfahren\" rel=\"noopener\">\n\t\t\t\t\t\t\tmerh erfahren\n\t\t<\/a>\n\t\t\t<h5>Ein paar S\u00e4tze<\/h5><h2>\u00dcber mich<\/h2>\t\t\t\n\t\t\t\t<p>Mein Name ist No\u00eblle K\u00f6chle und ich mache Orientierungslauf, seit ich meine damals 12-j\u00e4hrige Tochter zum OL-Training begleitet habe. Nach dem zweiten Mal hat mir ein Vereinsmitglied eine Karte in die Hand gedr\u00fcckt und mich mit ein paar Anweisungen in den Wald geschickt.<\/p>\n<p>Mein Stolz war, dass ich aus dem Wald zur\u00fcckkam und alle Posten in der richtigen Reihenfolge angelaufen hatte.<\/p>\n<p>Seither mache ich regelm\u00e4ssig OL in einem <a href=\"_wp_link_placeholder\" data-wplink-edit=\"true\">Verein<\/a> und besuche auch Wettk\u00e4mpfe.<\/p>\n\t\t\t\t<img decoding=\"async\" src=\"https:\/\/omika.ch\/wp-content\/uploads\/2022\/02\/42C9282C-F382-4229-A04E-43B8CDCBD33C-scaled-e1643751929474.jpeg\" alt=\"nk_in_action\" title=\"nk_in_action\" itemprop=\"image\"  \/>\n\t\t\t<h5>Einige Anregungen f\u00fcr<\/h5><h2>OL-Anl\u00e4sse<\/h2>\t\t\t\n\t\t\t<h5>In der Schule<\/h5>\n\t\t\t\t<p>Orientierungslauf erf\u00fcllt die Anforderungen des <a href=\"https:\/\/www.lehrplan21.ch\/\">Lehrplan 21<\/a> und l\u00e4sst sich gut in jedes Schulprogramm integrieren. Wir kommen mit dem n\u00f6tigen Material zu euch und stellen das <a href=\"https:\/\/omika.ch\/?page_id=22\">Programm<\/a>\u00a0f\u00fcr die entsprechende Schulstufe zusammen.<\/p>\n\t\t\t<a href=\"https:\/\/omika.ch\/?page_id=22\" target=\"_self\" role=\"button\" aria-label=\"Mehr\" rel=\"noopener\">\n\t\t\t\t\t\t\tMehr\n\t\t<\/a>\n\t\t\t<h5>als Vereinsanlass<\/h5>\n\t\t\t\t<p>Orientierungslauf ist nicht nur Spitzensport, sondern auch Breitensport und nicht zuletzt ein idealer Familiensport. Genau das Richtige f\u00fcr eine Veranstaltung in der freien Natur, bei der nicht nur Sport getrieben wird, sondern auch Generationen verbindet.<\/p>\n\t\t\t<a href=\"https:\/\/omika.ch\/?page_id=22\" target=\"_self\" role=\"button\" aria-label=\"Mehr\" rel=\"noopener\">\n\t\t\t\t\t\t\tMehr\n\t\t<\/a>\n\t\t\t<h5>ganz privat<\/h5>\n\t\t\t\t<p>Orientierungslauf bringt auch Spass bei Kindergeburtstagen, geistige Anregung bei Seniorennachmittagen und Teambildung bei Firmenanl\u00e4ssen.<\/p>\n\t\t\t<a href=\"https:\/\/omika.ch\/?page_id=22\" target=\"_self\" role=\"button\" aria-label=\"Mehr\" rel=\"noopener\">\n\t\t\t\t\t\t\tMehr\n\t\t<\/a>\n\t\t\t<h5>zufriedene Kunden<\/h5><h2>Kundenstimmen<\/h2>\t\t\t\n\t<ul>\n\t\t<li>\t\t\t\t\n\t\t<h6>Sarah, Schule W\u00fcrenlingen<\/h6><p>Gerne m\u00f6chte ich mich bei dir f\u00fcr deinen grossen Einsatz an unserer Schule bedanken. Ich sch\u00e4tze die gute und unkomplizierte Zusammenarbeit mit dir sehr. Die R\u00fcckmeldungen aus dem Kollegium waren durchwegs gut und die Kinder waren zufrieden.<\/p><\/li>\t<\/ul>\n\t<ul>\n\t\t<li>\t\t\t\t\n\t\t<h6>Sarah, Schule Gr\u00fcningen<\/h6><p>F\u00fcr dein grosses Engagement ganz herzlichen Dank. Ein sehr gelungener, toller Anlass. Super Vorbereitung und tolles Material welches du zusammengestellt hast. Sehr vielseitige und abwechslungsreiche Ideen. Pl\u00e4ne verstehen und lesen k\u00f6nnen, sich an etwas orientieren, Bewegung, Spass und super Wetter- alles in einen Tag verpackt.Man merkte, du machst das aus Leidenschaft! Weiterhin viel Freude und gerne empfehle ich Dich weiter.<\/p><\/li>\t<\/ul>\n\t<ul>\n\t\t<li>\t\t\t\t\n\t\t<h6>Annabelle , Schule Z\u00fcrich<\/h6><p>Uns hat es auch Spass gemacht, Danke f\u00fcr eure Flexibilit\u00e4t, dass man als Gast auf einem anderen Schulareal mitmachen darf.<\/p><\/li>\t<\/ul>\n\t<ul>\n\t\t<li>\t\t\t\t\n\t\t<h6>Manfred , Elternverein Uitikon<\/h6><p>Es hat alles geklappt, und alle Leute waren happy. Was will man mehr?<\/p><\/li>\t<\/ul>\n\t\t\t<h5>Ich h\u00f6re gerne von dir<\/h5>\t\t\t\n\t\t\t\t<p>Schreibe mir eine kurze Nachricht, wenn du eine OL-Veranstaltung buchen m\u00f6chtest oder weitere Informationen zum Thema OL ben\u00f6tigst.<\/p>\n\t\t\t<a href=\"https:\/\/omika.ch\/?page_id=23\" target=\"_self\" role=\"button\" aria-label=\"kontaktiere mich\" rel=\"noopener\">\n\t\t\t\t\t\t\tkontaktiere mich\n\t\t<\/a>\n\t\t<h3>Telefon &#038; E-Mail<\/h3>\t\t\t\n\t\t\t\t<p>+41 76 589 06 52<\/p>\n<p><a href=\"mailto:kontakt@omika.ch\">kontakt@omika.ch<\/a><\/p>\n\n","protected":false},"excerpt":{"rendered":"<p>Ich organisiere Anl\u00e4sse zum Thema Orientieren mit Karte Ich mache aktiv mit im OL und besitze die Ausbildung J&amp;S Leiter OL. Wenn du dich f\u00fcr einen OL-Anlass interessierst, bin ich die richtige Kontaktperson. Was ich biete Laufen und Orientieren Schulung Ich organisiere Schulung f\u00fcr verschiedene Altersstufen in den Schulen. Auch bei privaten Anl\u00e4ssen bin ich [&hellip;]<\/p>\n","protected":false},"author":1,"featured_media":0,"parent":0,"menu_order":0,"comment_status":"closed","ping_status":"closed","template":"","meta":{"site-sidebar-layout":"no-sidebar","site-content-layout":"page-builder","ast-site-content-layout":"default","site-content-style":"default","site-sidebar-style":"default","ast-global-header-display":"","ast-banner-title-visibility":"","ast-main-header-display":"","ast-hfb-above-header-display":"","ast-hfb-below-header-display":"","ast-hfb-mobile-header-display":"","site-post-title":"disabled","ast-breadcrumbs-content":"","ast-featured-img":"disabled","footer-sml-layout":"","ast-disable-related-posts":"","theme-transparent-header-meta":"enabled","adv-header-id-meta":"","stick-header-meta":"default","header-above-stick-meta":"","header-main-stick-meta":"","header-below-stick-meta":"","astra-migrate-meta-layouts":"default","ast-page-background-enabled":"default","ast-page-background-meta":{"desktop":{"background-color":"","background-image":"","background-repeat":"repeat","background-position":"center center","background-size":"auto","background-attachment":"scroll","background-type":"","background-media":"","overlay-type":"","overlay-color":"","overlay-opacity":"","overlay-gradient":""},"tablet":{"background-color":"","background-image":"","background-repeat":"repeat","background-position":"center center","background-size":"auto","background-attachment":"scroll","background-type":"","background-media":"","overlay-type":"","overlay-color":"","overlay-opacity":"","overlay-gradient":""},"mobile":{"background-color":"","background-image":"","background-repeat":"repeat","background-position":"center center","background-size":"auto","background-attachment":"scroll","background-type":"","background-media":"","overlay-type":"","overlay-color":"","overlay-opacity":"","overlay-gradient":""}},"ast-content-background-meta":{"desktop":{"background-color":"var(--ast-global-color-5)","background-image":"","background-repeat":"repeat","background-position":"center center","background-size":"auto","background-attachment":"scroll","background-type":"","background-media":"","overlay-type":"","overlay-color":"","overlay-opacity":"","overlay-gradient":""},"tablet":{"background-color":"var(--ast-global-color-5)","background-image":"","background-repeat":"repeat","background-position":"center center","background-size":"auto","background-attachment":"scroll","background-type":"","background-media":"","overlay-type":"","overlay-color":"","overlay-opacity":"","overlay-gradient":""},"mobile":{"background-color":"var(--ast-global-color-5)","background-image":"","background-repeat":"repeat","background-position":"center center","background-size":"auto","background-attachment":"scroll","background-type":"","background-media":"","overlay-type":"","overlay-color":"","overlay-opacity":"","overlay-gradient":""}},"footnotes":""},"class_list":["post-110","page","type-page","status-publish","hentry"],"yoast_head":"<!-- This site is optimized with the Yoast SEO plugin v27.4 - https:\/\/yoast.com\/product\/yoast-seo-wordpress\/ -->\n<title>Home - Orientieren mit Karte<\/title>\n<meta name=\"robots\" content=\"index, follow, max-snippet:-1, max-image-preview:large, max-video-preview:-1\" \/>\n<link rel=\"canonical\" href=\"https:\/\/omika.ch\/\" \/>\n<meta property=\"og:locale\" content=\"de_DE\" \/>\n<meta property=\"og:type\" content=\"article\" \/>\n<meta property=\"og:title\" content=\"Home - Orientieren mit Karte\" \/>\n<meta property=\"og:description\" content=\"Ich organisiere Anl\u00e4sse zum Thema Orientieren mit Karte Ich mache aktiv mit im OL und besitze die Ausbildung J&amp;S Leiter OL. Wenn du dich f\u00fcr einen OL-Anlass interessierst, bin ich die richtige Kontaktperson. Was ich biete Laufen und Orientieren Schulung Ich organisiere Schulung f\u00fcr verschiedene Altersstufen in den Schulen. Auch bei privaten Anl\u00e4ssen bin ich [&hellip;]\" \/>\n<meta property=\"og:url\" content=\"https:\/\/omika.ch\/\" \/>\n<meta property=\"og:site_name\" content=\"Orientieren mit Karte\" \/>\n<meta property=\"article:modified_time\" content=\"2024-07-05T23:51:56+00:00\" \/>\n<meta property=\"og:image\" content=\"https:\/\/omika.ch\/wp-content\/uploads\/2022\/02\/42C9282C-F382-4229-A04E-43B8CDCBD33C-scaled-e1643751929474.jpeg\" \/>\n<meta name=\"twitter:card\" content=\"summary_large_image\" \/>\n<meta name=\"twitter:label1\" content=\"Gesch\u00e4tzte Lesezeit\" \/>\n\t<meta name=\"twitter:data1\" content=\"2\u00a0Minuten\" \/>\n<script type=\"application\/ld+json\" class=\"yoast-schema-graph\">{\"@context\":\"https:\\\/\\\/schema.org\",\"@graph\":[{\"@type\":\"WebPage\",\"@id\":\"https:\\\/\\\/omika.ch\\\/\",\"url\":\"https:\\\/\\\/omika.ch\\\/\",\"name\":\"Home - Orientieren mit Karte\",\"isPartOf\":{\"@id\":\"https:\\\/\\\/omika.ch\\\/#website\"},\"primaryImageOfPage\":{\"@id\":\"https:\\\/\\\/omika.ch\\\/#primaryimage\"},\"image\":{\"@id\":\"https:\\\/\\\/omika.ch\\\/#primaryimage\"},\"thumbnailUrl\":\"https:\\\/\\\/omika.ch\\\/wp-content\\\/uploads\\\/2022\\\/02\\\/42C9282C-F382-4229-A04E-43B8CDCBD33C-scaled-e1643751929474.jpeg\",\"datePublished\":\"2022-01-24T21:30:58+00:00\",\"dateModified\":\"2024-07-05T23:51:56+00:00\",\"breadcrumb\":{\"@id\":\"https:\\\/\\\/omika.ch\\\/#breadcrumb\"},\"inLanguage\":\"de\",\"potentialAction\":[{\"@type\":\"ReadAction\",\"target\":[\"https:\\\/\\\/omika.ch\\\/\"]}]},{\"@type\":\"ImageObject\",\"inLanguage\":\"de\",\"@id\":\"https:\\\/\\\/omika.ch\\\/#primaryimage\",\"url\":\"https:\\\/\\\/omika.ch\\\/wp-content\\\/uploads\\\/2022\\\/02\\\/42C9282C-F382-4229-A04E-43B8CDCBD33C-scaled-e1643751929474.jpeg\",\"contentUrl\":\"https:\\\/\\\/omika.ch\\\/wp-content\\\/uploads\\\/2022\\\/02\\\/42C9282C-F382-4229-A04E-43B8CDCBD33C-scaled-e1643751929474.jpeg\",\"width\":1478,\"height\":1701},{\"@type\":\"BreadcrumbList\",\"@id\":\"https:\\\/\\\/omika.ch\\\/#breadcrumb\",\"itemListElement\":[{\"@type\":\"ListItem\",\"position\":1,\"name\":\"Home\",\"item\":\"https:\\\/\\\/omika.ch\\\/\"},{\"@type\":\"ListItem\",\"position\":2,\"name\":\"Home\"}]},{\"@type\":\"WebSite\",\"@id\":\"https:\\\/\\\/omika.ch\\\/#website\",\"url\":\"https:\\\/\\\/omika.ch\\\/\",\"name\":\"Orientieren mit Karte\",\"description\":\"OL-Kurse f\u00fcr Schulen\",\"publisher\":{\"@id\":\"https:\\\/\\\/omika.ch\\\/#organization\"},\"potentialAction\":[{\"@type\":\"SearchAction\",\"target\":{\"@type\":\"EntryPoint\",\"urlTemplate\":\"https:\\\/\\\/omika.ch\\\/?s={search_term_string}\"},\"query-input\":{\"@type\":\"PropertyValueSpecification\",\"valueRequired\":true,\"valueName\":\"search_term_string\"}}],\"inLanguage\":\"de\"},{\"@type\":\"Organization\",\"@id\":\"https:\\\/\\\/omika.ch\\\/#organization\",\"name\":\"Orientieren mit Karte\",\"url\":\"https:\\\/\\\/omika.ch\\\/\",\"logo\":{\"@type\":\"ImageObject\",\"inLanguage\":\"de\",\"@id\":\"https:\\\/\\\/omika.ch\\\/#\\\/schema\\\/logo\\\/image\\\/\",\"url\":\"https:\\\/\\\/omika.ch\\\/wp-content\\\/uploads\\\/2022\\\/01\\\/logo_omika_.png\",\"contentUrl\":\"https:\\\/\\\/omika.ch\\\/wp-content\\\/uploads\\\/2022\\\/01\\\/logo_omika_.png\",\"width\":2303,\"height\":462,\"caption\":\"Orientieren mit Karte\"},\"image\":{\"@id\":\"https:\\\/\\\/omika.ch\\\/#\\\/schema\\\/logo\\\/image\\\/\"}}]}<\/script>\n<!-- \/ Yoast SEO plugin. -->","yoast_head_json":{"title":"Home - Orientieren mit Karte","robots":{"index":"index","follow":"follow","max-snippet":"max-snippet:-1","max-image-preview":"max-image-preview:large","max-video-preview":"max-video-preview:-1"},"canonical":"https:\/\/omika.ch\/","og_locale":"de_DE","og_type":"article","og_title":"Home - Orientieren mit Karte","og_description":"Ich organisiere Anl\u00e4sse zum Thema Orientieren mit Karte Ich mache aktiv mit im OL und besitze die Ausbildung J&amp;S Leiter OL. Wenn du dich f\u00fcr einen OL-Anlass interessierst, bin ich die richtige Kontaktperson. Was ich biete Laufen und Orientieren Schulung Ich organisiere Schulung f\u00fcr verschiedene Altersstufen in den Schulen. Auch bei privaten Anl\u00e4ssen bin ich [&hellip;]","og_url":"https:\/\/omika.ch\/","og_site_name":"Orientieren mit Karte","article_modified_time":"2024-07-05T23:51:56+00:00","og_image":[{"url":"https:\/\/omika.ch\/wp-content\/uploads\/2022\/02\/42C9282C-F382-4229-A04E-43B8CDCBD33C-scaled-e1643751929474.jpeg","type":"","width":"","height":""}],"twitter_card":"summary_large_image","twitter_misc":{"Gesch\u00e4tzte Lesezeit":"2\u00a0Minuten"},"schema":{"@context":"https:\/\/schema.org","@graph":[{"@type":"WebPage","@id":"https:\/\/omika.ch\/","url":"https:\/\/omika.ch\/","name":"Home - Orientieren mit Karte","isPartOf":{"@id":"https:\/\/omika.ch\/#website"},"primaryImageOfPage":{"@id":"https:\/\/omika.ch\/#primaryimage"},"image":{"@id":"https:\/\/omika.ch\/#primaryimage"},"thumbnailUrl":"https:\/\/omika.ch\/wp-content\/uploads\/2022\/02\/42C9282C-F382-4229-A04E-43B8CDCBD33C-scaled-e1643751929474.jpeg","datePublished":"2022-01-24T21:30:58+00:00","dateModified":"2024-07-05T23:51:56+00:00","breadcrumb":{"@id":"https:\/\/omika.ch\/#breadcrumb"},"inLanguage":"de","potentialAction":[{"@type":"ReadAction","target":["https:\/\/omika.ch\/"]}]},{"@type":"ImageObject","inLanguage":"de","@id":"https:\/\/omika.ch\/#primaryimage","url":"https:\/\/omika.ch\/wp-content\/uploads\/2022\/02\/42C9282C-F382-4229-A04E-43B8CDCBD33C-scaled-e1643751929474.jpeg","contentUrl":"https:\/\/omika.ch\/wp-content\/uploads\/2022\/02\/42C9282C-F382-4229-A04E-43B8CDCBD33C-scaled-e1643751929474.jpeg","width":1478,"height":1701},{"@type":"BreadcrumbList","@id":"https:\/\/omika.ch\/#breadcrumb","itemListElement":[{"@type":"ListItem","position":1,"name":"Home","item":"https:\/\/omika.ch\/"},{"@type":"ListItem","position":2,"name":"Home"}]},{"@type":"WebSite","@id":"https:\/\/omika.ch\/#website","url":"https:\/\/omika.ch\/","name":"Orientieren mit Karte","description":"OL-Kurse f\u00fcr Schulen","publisher":{"@id":"https:\/\/omika.ch\/#organization"},"potentialAction":[{"@type":"SearchAction","target":{"@type":"EntryPoint","urlTemplate":"https:\/\/omika.ch\/?s={search_term_string}"},"query-input":{"@type":"PropertyValueSpecification","valueRequired":true,"valueName":"search_term_string"}}],"inLanguage":"de"},{"@type":"Organization","@id":"https:\/\/omika.ch\/#organization","name":"Orientieren mit Karte","url":"https:\/\/omika.ch\/","logo":{"@type":"ImageObject","inLanguage":"de","@id":"https:\/\/omika.ch\/#\/schema\/logo\/image\/","url":"https:\/\/omika.ch\/wp-content\/uploads\/2022\/01\/logo_omika_.png","contentUrl":"https:\/\/omika.ch\/wp-content\/uploads\/2022\/01\/logo_omika_.png","width":2303,"height":462,"caption":"Orientieren mit Karte"},"image":{"@id":"https:\/\/omika.ch\/#\/schema\/logo\/image\/"}}]}},"_links":{"self":[{"href":"https:\/\/omika.ch\/index.php?rest_route=\/wp\/v2\/pages\/110","targetHints":{"allow":["GET"]}}],"collection":[{"href":"https:\/\/omika.ch\/index.php?rest_route=\/wp\/v2\/pages"}],"about":[{"href":"https:\/\/omika.ch\/index.php?rest_route=\/wp\/v2\/types\/page"}],"author":[{"embeddable":true,"href":"https:\/\/omika.ch\/index.php?rest_route=\/wp\/v2\/users\/1"}],"replies":[{"embeddable":true,"href":"https:\/\/omika.ch\/index.php?rest_route=%2Fwp%2Fv2%2Fcomments&post=110"}],"version-history":[{"count":62,"href":"https:\/\/omika.ch\/index.php?rest_route=\/wp\/v2\/pages\/110\/revisions"}],"predecessor-version":[{"id":909,"href":"https:\/\/omika.ch\/index.php?rest_route=\/wp\/v2\/pages\/110\/revisions\/909"}],"wp:attachment":[{"href":"https:\/\/omika.ch\/index.php?rest_route=%2Fwp%2Fv2%2Fmedia&parent=110"}],"curies":[{"name":"wp","href":"https:\/\/api.w.org\/{rel}","templated":true}]}}